4?
12
What is the greatest common factor of 6 and 53538?
6
Calculate the greatest common factor of 2356 and 186.
62
What is the highest common factor of 296080 and 340?
20
What is the highest common factor of 2772595 and 9065?
1295
What is the highest common divisor of 20696 and 24875?
199
Calculate the greatest common factor of 478564 and 2172.
724
What is the greatest common factor of 663915 and 105?
105
What is the highest common factor of 15262 and 295261?
587
Calculate the highest common factor of 38032 and 272.
16
Calculate the highest common divisor of 58 and 145.
29
What is the highest common divisor of 120440 and 440?
40
Calculate the greatest common factor of 2768 and 1211.
173
Calculate the greatest common divisor of 1008 and 14252.
28
Calculate the greatest common divisor of 188885 and 35.
5
Calculate the highest common factor of 3198 and 312871.
533
Calculate the highest common divisor of 459942 and 126.
42
Calculate the greatest common factor of 792655 and 188.
47
Calculate the greatest common divisor of 1064 and 10360.
56
Calculate the greatest common divisor of 391 and 69.
23
What is the greatest common divisor of 128 and 260992?
128
Calculate the highest common factor of 140 and 9380.
140
Calculate the greatest common factor of 33 and 2862.
3
What is the greatest common divisor of 1 and 33758?
1
Calculate the greatest common factor of 802540 and 60.
20
What is the highest common divisor of 128 and 322528?
32
What is the highest common factor of 12 and 246864?
12
Calculate the highest common divisor of 329937 and 4047.
213
Calculate the highest common divisor of 75209 and 1.
1
What is the highest common divisor of 29022 and 126?
42
Calculate the highest common factor of 36 and 72711.
9
Calculate the highest common factor of 274311 and 522.
261
What is the greatest common factor of 650417 and 621?
23
What is the greatest common divisor of 9 and 503343?
9
Calculate the highest common factor of 14 and 48349.
7
Calculate the highest common factor of 600 and 62600.
200
Calculate the greatest common divisor of 6 and 5564202.
6
What is the greatest common divisor of 1578962 and 847?
77
What is the highest common factor of 5 and 81390?
5
What is the highest common divisor of 595323 and 1683?
153
What is the greatest common divisor of 121446 and 91?
13
Calculate the highest common divisor of 57664 and 6464.
64
Calculate the highest common factor of 316028 and 282.
94
Calculate the highest common factor of 1633 and 31169.
71
Calculate the highest common divisor of 334 and 6737782.
334
Calculate the highest common factor of 424952 and 2634.
878
What is the highest common divisor of 1525 and 12627?
61
What is the greatest common factor of 2049511 and 152?
19
Calculate the highest common divisor of 40 and 16910.
10
What is the highest common factor of 78 and 744159?
39
Calculate the greatest common divisor of 9477 and 41796.
243
What is the greatest common factor of 51408 and 216?
216
Calculate the highest common factor of 12593 and 3969.
49
Calculate the greatest common divisor of 5 and 177185.
5
What is the greatest common factor of 1029 and 342951?
147
What is the greatest common divisor of 24 and 54512?
8
Calculate the greatest common divisor of 1455 and 113199.
291
What is the greatest common factor of 870 and 525?
15
Calculate the highest common divisor of 788 and 27.
1
Calculate the greatest common factor of 184107 and 63.
21
What is the highest common factor of 5811 and 1911?
39
Calculate the greatest common factor of 40 and 3453080.
40
What is the highest common factor of 12 and 24232?
4
What is the greatest common divisor of 232 and 117914?
58
What is the highest common factor of 402429 and 477?
159
What is the highest common divisor of 76017 and 21?
3
Calculate the highest common factor of 34 and 15011.
17
Calculate the greatest common divisor of 9 and 132075.
9
What is the highest common factor of 9850 and 2110?
10
Calculate the highest common divisor of 8190 and 364.
182
Calculate the highest common factor of 14 and 5404.
14
Calculate the greatest common divisor of 162 and 104544.
54
What is the greatest common factor of 2215728 and 552?
552
Calculate the greatest common factor of 840 and 5565.
105
Calculate the greatest common factor of 2910 and 2070.
30
Calculate the highest common divisor of 11077 and 3553.
209
Calculate the highest common factor of 5664 and 273642.
354
Calculate the highest common factor of 34 and 1360374.
34
Calculate the highest common factor of 2730 and 1080.
30
Calculate the highest common divisor of 20709 and 208.
13
What is the greatest common divisor of 2573 and 25513?
31
Calculate the greatest common factor of 7404780 and 12.
12
What is the greatest common divisor of 61122 and 366?
366
What is the greatest common divisor of 5568 and 33234?
174
What is the highest common factor of 6552 and 236691?
819
Calculate the highest common factor of 816 and 8262.
102
Calculate the highest common divisor of 350 and 118125.
175
Calculate the greatest common factor of 8991 and 4551.
111
Calculate the highest common factor of 34746 and 18.
6
What is the highest common factor of 20 and 22838?
2
What is the greatest common divisor of 6901 and 49?
1
What is the highest common factor of 2475 and 9405?
495
Calculate the highest common divisor of 6 and 72294.
6
What is the greatest common factor of 1638 and 1833?
39
What is the highest common factor of 61180 and 10465?
805
Calculate the greatest common factor of 795 and 25635.
15
What is the highest common divisor of 190742 and 2830?
566
What is the greatest common divisor of 3666 and 78?
78
Calculate the highest common factor of 152824 and 280.
56
What is the highest common divisor of 39 and 104169?
39
Calculate the highest common factor of 99 and 9657.
9
Calculate the highest common factor of 96 and 309.
3
What is the highest common factor of 327 and 4469?
109
What is the greatest common factor of 7942 and 88?
22
What is the highest common divisor of 759 and 2415?
69
Calculate the highest common divisor of 67739 and 7.
7
Calculate the greatest common factor of 95264 and 37024.
416
What is the highest common factor of 995232 and 19253?
1481
Calculate the highest common divisor of 21348 and 144.
36
What is the greatest common factor of 462 and 2442?
66
Calculate the greatest common factor of 168 and 484953.
21
What is the greatest common divisor of 9184 and 1088?
32
What is the highest common factor of 199 and 135917?
199
What is the highest common divisor of 12054 and 46452?
294
What is the greatest common factor of 24750 and 35145?
495
Calculate the greatest common divisor of 5312 and 9.
1
What is the highest common factor of 3910 and 210?
10
Calculate the greatest common divisor of 241383 and 153.
51
Calculate the highest common factor of 25 and 2810.
5
Calculate the greatest common factor of 23679 and 243.
27
Calculate the highest common divisor of 9416 and 61632.
856
What is the highest common divisor of 1 and 13597?
1
What is the greatest common divisor of 147780 and 72?
36
Calculate the highest common factor of 126649 and 41.
41
What is the greatest common factor of 595 and 191233?
119
What is the greatest common factor of 4448 and 16402?
278
What is the greatest common factor of 2288 and 41886?
26
Calculate the greatest common factor of 285552 and 18.
18
Calculate the greatest common factor of 126 and 523449.
9
What is the greatest common divisor of 2502 and 2598?
6
What is the greatest common factor of 4 and 700346?
2
Calculate the highest common factor of 3589 and 2231.
97
Calculate the highest common factor of 165 and 343695.
165
What is the greatest common factor of 1152 and 8712?
72
Calculate the highest common factor of 164 and 83476.
164
Calculate the highest common divisor of 392 and 113288.
392
What is the greatest common factor of 226 and 1040278?
226
Calculate the highest common factor of 410 and 18310.
10
Calculate the highest common divisor of 5676 and 440.
44
Calculate the greatest common factor of 1318207 and 409.
409
What is the greatest common divisor of 193437 and 765?
9
Calculate the highest common divisor of 7680 and 41568.
96
Calculate the greatest common divisor of 12 and 22089.
3
Calculate the greatest common divisor of 1166 and 15052